{"id":1242,"date":"2026-01-26T13:18:06","date_gmt":"2026-01-26T13:18:06","guid":{"rendered":"https:\/\/castellbaroniapinturas.com.ar\/?post_type=product&#038;p=1242"},"modified":"2026-01-26T13:18:06","modified_gmt":"2026-01-26T13:18:06","slug":"latex-interior-exterior-lavable","status":"publish","type":"product","link":"https:\/\/castellbaroniapinturas.com.ar\/index.php\/producto\/latex-interior-exterior-lavable\/","title":{"rendered":"L\u00e1tex Interior \/ Exterior \u2013 Lavable"},"content":{"rendered":"<h3 data-start=\"553\" data-end=\"576\"><span style=\"color: #ff0000;\"><strong data-start=\"557\" data-end=\"576\">Caracter\u00edsticas<\/strong><\/span><\/h3>\n<p data-start=\"577\" data-end=\"814\">L\u00e1tex formulado con materias primas de calidad premium que brindan un acabado de extraordinario poder cubritivo. Producto lavable, sin olor a amon\u00edaco y aromatizado. Resistente a la formaci\u00f3n de hongos y no salpica durante la aplicaci\u00f3n.<\/p>\n<h3 data-start=\"816\" data-end=\"828\"><span style=\"color: #ff0000;\"><strong data-start=\"820\" data-end=\"828\">Usos<\/strong><\/span><\/h3>\n<ul data-start=\"829\" data-end=\"960\">\n<li data-start=\"829\" data-end=\"868\">\n<p data-start=\"831\" data-end=\"868\">Superficies interiores y exteriores<\/p>\n<\/li>\n<li data-start=\"869\" data-end=\"884\">\n<p data-start=\"871\" data-end=\"884\">Mamposter\u00eda<\/p>\n<\/li>\n<li data-start=\"885\" data-end=\"897\">\n<p data-start=\"887\" data-end=\"897\">Hormig\u00f3n<\/p>\n<\/li>\n<li data-start=\"898\" data-end=\"909\">\n<p data-start=\"900\" data-end=\"909\">Revoque<\/p>\n<\/li>\n<li data-start=\"910\" data-end=\"921\">\n<p data-start=\"912\" data-end=\"921\">Cemento<\/p>\n<\/li>\n<li data-start=\"922\" data-end=\"934\">\n<p data-start=\"924\" data-end=\"934\">Ladrillo<\/p>\n<\/li>\n<li data-start=\"935\" data-end=\"951\">\n<p data-start=\"937\" data-end=\"951\">Fibrocemento<\/p>\n<\/li>\n<li data-start=\"952\" data-end=\"960\">\n<p data-start=\"954\" data-end=\"960\">Yeso<\/p>\n<\/li>\n<\/ul>\n<h3 data-start=\"962\" data-end=\"980\"><span style=\"color: #ff0000;\"><strong data-start=\"966\" data-end=\"980\">Aplicaci\u00f3n<\/strong><\/span><\/h3>\n<p data-start=\"981\" data-end=\"1188\">Producto listo para usar.<br data-start=\"1006\" data-end=\"1009\" \/>Aplicar a pincel o rodillo.<br data-start=\"1036\" data-end=\"1039\" \/>Puede diluirse con un m\u00e1ximo de <strong data-start=\"1071\" data-end=\"1086\">10% de agua<\/strong> si fuera necesario.<br data-start=\"1106\" data-end=\"1109\" \/>Las superficies deben estar limpias, secas y libres de polvo, grasa o suciedad.<\/p>\n<h3 data-start=\"1190\" data-end=\"1209\"><span style=\"color: #ff0000;\"><strong data-start=\"1194\" data-end=\"1209\">Rendimiento<\/strong><\/span><\/h3>\n<p data-start=\"1210\" data-end=\"1312\">Rinde de <strong data-start=\"1219\" data-end=\"1254\">12 a 14 m\u00b2 por litro y por mano<\/strong>, seg\u00fan la absorci\u00f3n de la superficie y el color aplicado.<\/p>\n<h3 data-start=\"1314\" data-end=\"1328\"><span style=\"color: #ff0000;\"><strong data-start=\"1318\" data-end=\"1328\">Secado<\/strong><\/span><\/h3>\n<ul data-start=\"1329\" data-end=\"1397\">\n<li data-start=\"1329\" data-end=\"1360\">\n<p data-start=\"1331\" data-end=\"1360\">Secado al tacto: <strong data-start=\"1348\" data-end=\"1358\">1 hora<\/strong><\/p>\n<\/li>\n<li data-start=\"1361\" data-end=\"1397\">\n<p data-start=\"1363\" data-end=\"1397\">Repintado: <strong data-start=\"1374\" data-end=\"1397\">no antes de 4 horas<\/strong><\/p>\n<\/li>\n<\/ul>\n<h3 data-start=\"1399\" data-end=\"1414\"><span style=\"color: #ff0000;\"><strong data-start=\"1403\" data-end=\"1414\">Acabado<\/strong><\/span><\/h3>\n<p data-start=\"1415\" data-end=\"1420\">Mate.<\/p>\n<h3 data-start=\"1422\" data-end=\"1438\"><span style=\"color: #ff0000;\"><strong data-start=\"1426\" data-end=\"1438\">Entonado<\/strong><\/span><\/h3>\n<p data-start=\"1439\" data-end=\"1566\">Permite la obtenci\u00f3n de colores adicionales mediante el agregado de entonador universal, con un m\u00e1ximo de <strong data-start=\"1545\" data-end=\"1565\">30 cm\u00b3 por litro<\/strong>.<\/p>\n<h3 data-start=\"1568\" data-end=\"1588\"><span style=\"color: #ff0000;\"><strong data-start=\"1572\" data-end=\"1588\">Presentaci\u00f3n<\/strong><\/span><\/h3>\n<p data-start=\"1589\" data-end=\"1625\">Envases de <strong data-start=\"1600\" data-end=\"1624\">1, 4, 10 y 20 litros<\/strong>.<\/p>\n","protected":false},"excerpt":{"rendered":"<p>L\u00e1tex acr\u00edlico lavable de excelente poder cubritivo, formulado para uso interior y exterior. Ofrece una terminaci\u00f3n uniforme, resistente a la formaci\u00f3n de hongos, sin salpicado y de f\u00e1cil aplicaci\u00f3n, ideal para m\u00faltiples superficies.<\/p>\n","protected":false},"featured_media":1243,"comment_status":"open","ping_status":"closed","template":"","meta":{"site-sidebar-layout":"default","site-content-layout":"","ast-site-content-layout":"default","site-content-style":"default","site-sidebar-style":"default","ast-global-header-display":"","ast-banner-title-visibility":"","ast-main-header-display":"","ast-hfb-above-header-display":"","ast-hfb-below-header-display":"","ast-hfb-mobile-header-display":"","site-post-title":"","ast-breadcrumbs-content":"","ast-featured-img":"","footer-sml-layout":"","ast-disable-related-posts":"","theme-transparent-header-meta":"default","adv-header-id-meta":"","stick-header-meta":"","header-above-stick-meta":"","header-main-stick-meta":"","header-below-stick-meta":"","astra-migrate-meta-layouts":"set","ast-page-background-enabled":"default","ast-page-background-meta":{"desktop":{"background-color":"var(--ast-global-color-4)","background-image":"","background-repeat":"repeat","background-position":"center center","background-size":"auto","background-attachment":"scroll","background-type":"","background-media":"","overlay-type":"","overlay-color":"","overlay-opacity":"","overlay-gradient":""},"tablet":{"background-color":"","background-image":"","background-repeat":"repeat","background-position":"center center","background-size":"auto","background-attachment":"scroll","background-type":"","background-media":"","overlay-type":"","overlay-color":"","overlay-opacity":"","overlay-gradient":""},"mobile":{"background-color":"","background-image":"","background-repeat":"repeat","background-position":"center center","background-size":"auto","background-attachment":"scroll","background-type":"","background-media":"","overlay-type":"","overlay-color":"","overlay-opacity":"","overlay-gradient":""}},"ast-content-background-meta":{"desktop":{"background-color":"var(--ast-global-color-5)","background-image":"","background-repeat":"repeat","background-position":"center center","background-size":"auto","background-attachment":"scroll","background-type":"","background-media":"","overlay-type":"","overlay-color":"","overlay-opacity":"","overlay-gradient":""},"tablet":{"background-color":"var(--ast-global-color-5)","background-image":"","background-repeat":"repeat","background-position":"center center","background-size":"auto","background-attachment":"scroll","background-type":"","background-media":"","overlay-type":"","overlay-color":"","overlay-opacity":"","overlay-gradient":""},"mobile":{"background-color":"var(--ast-global-color-5)","background-image":"","background-repeat":"repeat","background-position":"center center","background-size":"auto","background-attachment":"scroll","background-type":"","background-media":"","overlay-type":"","overlay-color":"","overlay-opacity":"","overlay-gradient":""}},"_joinchat":[]},"product_brand":[36],"product_cat":[22],"product_tag":[],"class_list":{"0":"post-1242","1":"product","2":"type-product","3":"status-publish","4":"has-post-thumbnail","6":"product_brand-dolce","7":"product_cat-pinturas-latex","8":"desktop-align-left","9":"tablet-align-left","10":"mobile-align-left","12":"first","13":"instock","14":"shipping-taxable","15":"product-type-simple"},"yoast_head":"<!-- This site is optimized with the Yoast SEO plugin v26.8 - https:\/\/yoast.com\/product\/yoast-seo-wordpress\/ -->\n<title>L\u00e1tex Interior \/ Exterior \u2013 Lavable - Castell Baronia<\/title>\n<meta name=\"description\" content=\"L\u00e1tex acr\u00edlico lavable de excelente poder cubritivo, formulado para uso interior y exterior. Ofrece una terminaci\u00f3n uniforme, resistente a la formaci\u00f3n de hongos, sin salpicado y de f\u00e1cil aplicaci\u00f3n, ideal para m\u00faltiples superficies.\" \/>\n<meta name=\"robots\" content=\"index, follow, max-snippet:-1, max-image-preview:large, max-video-preview:-1\" \/>\n<link rel=\"canonical\" href=\"https:\/\/castellbaroniapinturas.com.ar\/index.php\/producto\/latex-interior-exterior-lavable\/\" \/>\n<meta property=\"og:locale\" content=\"es_ES\" \/>\n<meta property=\"og:type\" content=\"article\" \/>\n<meta property=\"og:title\" content=\"L\u00e1tex Interior \/ Exterior \u2013 Lavable - Castell Baronia\" \/>\n<meta property=\"og:description\" content=\"L\u00e1tex acr\u00edlico lavable de excelente poder cubritivo, formulado para uso interior y exterior. Ofrece una terminaci\u00f3n uniforme, resistente a la formaci\u00f3n de hongos, sin salpicado y de f\u00e1cil aplicaci\u00f3n, ideal para m\u00faltiples superficies.\" \/>\n<meta property=\"og:url\" content=\"https:\/\/castellbaroniapinturas.com.ar\/index.php\/producto\/latex-interior-exterior-lavable\/\" \/>\n<meta property=\"og:site_name\" content=\"Castell Baronia\" \/>\n<meta property=\"og:image\" content=\"http:\/\/castellbaroniapinturas.com.ar\/wp-content\/uploads\/2026\/01\/019.jpg\" \/>\n\t<meta property=\"og:image:width\" content=\"700\" \/>\n\t<meta property=\"og:image:height\" content=\"700\" \/>\n\t<meta property=\"og:image:type\" content=\"image\/jpeg\" \/>\n<meta name=\"twitter:card\" content=\"summary_large_image\" \/>\n<meta name=\"twitter:label1\" content=\"Tiempo de lectura\" \/>\n\t<meta name=\"twitter:data1\" content=\"1 minuto\" \/>\n<script type=\"application\/ld+json\" class=\"yoast-schema-graph\">{\"@context\":\"https:\/\/schema.org\",\"@graph\":[{\"@type\":\"WebPage\",\"@id\":\"https:\/\/castellbaroniapinturas.com.ar\/index.php\/producto\/latex-interior-exterior-lavable\/\",\"url\":\"https:\/\/castellbaroniapinturas.com.ar\/index.php\/producto\/latex-interior-exterior-lavable\/\",\"name\":\"L\u00e1tex Interior \/ Exterior \u2013 Lavable - Castell Baronia\",\"isPartOf\":{\"@id\":\"https:\/\/castellbaroniapinturas.com.ar\/#website\"},\"primaryImageOfPage\":{\"@id\":\"https:\/\/castellbaroniapinturas.com.ar\/index.php\/producto\/latex-interior-exterior-lavable\/#primaryimage\"},\"image\":{\"@id\":\"https:\/\/castellbaroniapinturas.com.ar\/index.php\/producto\/latex-interior-exterior-lavable\/#primaryimage\"},\"thumbnailUrl\":\"https:\/\/castellbaroniapinturas.com.ar\/wp-content\/uploads\/2026\/01\/019.jpg\",\"datePublished\":\"2026-01-26T13:18:06+00:00\",\"description\":\"L\u00e1tex acr\u00edlico lavable de excelente poder cubritivo, formulado para uso interior y exterior. Ofrece una terminaci\u00f3n uniforme, resistente a la formaci\u00f3n de hongos, sin salpicado y de f\u00e1cil aplicaci\u00f3n, ideal para m\u00faltiples superficies.\",\"breadcrumb\":{\"@id\":\"https:\/\/castellbaroniapinturas.com.ar\/index.php\/producto\/latex-interior-exterior-lavable\/#breadcrumb\"},\"inLanguage\":\"es\",\"potentialAction\":[{\"@type\":\"ReadAction\",\"target\":[\"https:\/\/castellbaroniapinturas.com.ar\/index.php\/producto\/latex-interior-exterior-lavable\/\"]}]},{\"@type\":\"ImageObject\",\"inLanguage\":\"es\",\"@id\":\"https:\/\/castellbaroniapinturas.com.ar\/index.php\/producto\/latex-interior-exterior-lavable\/#primaryimage\",\"url\":\"https:\/\/castellbaroniapinturas.com.ar\/wp-content\/uploads\/2026\/01\/019.jpg\",\"contentUrl\":\"https:\/\/castellbaroniapinturas.com.ar\/wp-content\/uploads\/2026\/01\/019.jpg\",\"width\":700,\"height\":700},{\"@type\":\"BreadcrumbList\",\"@id\":\"https:\/\/castellbaroniapinturas.com.ar\/index.php\/producto\/latex-interior-exterior-lavable\/#breadcrumb\",\"itemListElement\":[{\"@type\":\"ListItem\",\"position\":1,\"name\":\"Portada\",\"item\":\"https:\/\/castellbaroniapinturas.com.ar\/\"},{\"@type\":\"ListItem\",\"position\":2,\"name\":\"Tienda\",\"item\":\"https:\/\/castellbaroniapinturas.com.ar\/index.php\/tienda\/\"},{\"@type\":\"ListItem\",\"position\":3,\"name\":\"L\u00e1tex Interior \/ Exterior \u2013 Lavable\"}]},{\"@type\":\"WebSite\",\"@id\":\"https:\/\/castellbaroniapinturas.com.ar\/#website\",\"url\":\"https:\/\/castellbaroniapinturas.com.ar\/\",\"name\":\"Castell Baronia\",\"description\":\"Castell Baronia Pinturas. Marca argentina con 60 a\u00f1os de experiencia en pinturas y revestimientos de calidad profesional para obras, pinturer\u00edas y proyectos.\",\"publisher\":{\"@id\":\"https:\/\/castellbaroniapinturas.com.ar\/#organization\"},\"potentialAction\":[{\"@type\":\"SearchAction\",\"target\":{\"@type\":\"EntryPoint\",\"urlTemplate\":\"https:\/\/castellbaroniapinturas.com.ar\/?s={search_term_string}\"},\"query-input\":{\"@type\":\"PropertyValueSpecification\",\"valueRequired\":true,\"valueName\":\"search_term_string\"}}],\"inLanguage\":\"es\"},{\"@type\":\"Organization\",\"@id\":\"https:\/\/castellbaroniapinturas.com.ar\/#organization\",\"name\":\"Castell Baronia\",\"url\":\"https:\/\/castellbaroniapinturas.com.ar\/\",\"logo\":{\"@type\":\"ImageObject\",\"inLanguage\":\"es\",\"@id\":\"https:\/\/castellbaroniapinturas.com.ar\/#\/schema\/logo\/image\/\",\"url\":\"https:\/\/castellbaroniapinturas.com.ar\/wp-content\/uploads\/2026\/01\/CASTELL-BARONIA-LOGO-WEB.png\",\"contentUrl\":\"https:\/\/castellbaroniapinturas.com.ar\/wp-content\/uploads\/2026\/01\/CASTELL-BARONIA-LOGO-WEB.png\",\"width\":768,\"height\":257,\"caption\":\"Castell Baronia\"},\"image\":{\"@id\":\"https:\/\/castellbaroniapinturas.com.ar\/#\/schema\/logo\/image\/\"}}]}<\/script>\n<!-- \/ Yoast SEO plugin. -->","yoast_head_json":{"title":"L\u00e1tex Interior \/ Exterior \u2013 Lavable - Castell Baronia","description":"L\u00e1tex acr\u00edlico lavable de excelente poder cubritivo, formulado para uso interior y exterior. Ofrece una terminaci\u00f3n uniforme, resistente a la formaci\u00f3n de hongos, sin salpicado y de f\u00e1cil aplicaci\u00f3n, ideal para m\u00faltiples superficies.","robots":{"index":"index","follow":"follow","max-snippet":"max-snippet:-1","max-image-preview":"max-image-preview:large","max-video-preview":"max-video-preview:-1"},"canonical":"https:\/\/castellbaroniapinturas.com.ar\/index.php\/producto\/latex-interior-exterior-lavable\/","og_locale":"es_ES","og_type":"article","og_title":"L\u00e1tex Interior \/ Exterior \u2013 Lavable - Castell Baronia","og_description":"L\u00e1tex acr\u00edlico lavable de excelente poder cubritivo, formulado para uso interior y exterior. Ofrece una terminaci\u00f3n uniforme, resistente a la formaci\u00f3n de hongos, sin salpicado y de f\u00e1cil aplicaci\u00f3n, ideal para m\u00faltiples superficies.","og_url":"https:\/\/castellbaroniapinturas.com.ar\/index.php\/producto\/latex-interior-exterior-lavable\/","og_site_name":"Castell Baronia","og_image":[{"width":700,"height":700,"url":"http:\/\/castellbaroniapinturas.com.ar\/wp-content\/uploads\/2026\/01\/019.jpg","type":"image\/jpeg"}],"twitter_card":"summary_large_image","twitter_misc":{"Tiempo de lectura":"1 minuto"},"schema":{"@context":"https:\/\/schema.org","@graph":[{"@type":"WebPage","@id":"https:\/\/castellbaroniapinturas.com.ar\/index.php\/producto\/latex-interior-exterior-lavable\/","url":"https:\/\/castellbaroniapinturas.com.ar\/index.php\/producto\/latex-interior-exterior-lavable\/","name":"L\u00e1tex Interior \/ Exterior \u2013 Lavable - Castell Baronia","isPartOf":{"@id":"https:\/\/castellbaroniapinturas.com.ar\/#website"},"primaryImageOfPage":{"@id":"https:\/\/castellbaroniapinturas.com.ar\/index.php\/producto\/latex-interior-exterior-lavable\/#primaryimage"},"image":{"@id":"https:\/\/castellbaroniapinturas.com.ar\/index.php\/producto\/latex-interior-exterior-lavable\/#primaryimage"},"thumbnailUrl":"https:\/\/castellbaroniapinturas.com.ar\/wp-content\/uploads\/2026\/01\/019.jpg","datePublished":"2026-01-26T13:18:06+00:00","description":"L\u00e1tex acr\u00edlico lavable de excelente poder cubritivo, formulado para uso interior y exterior. Ofrece una terminaci\u00f3n uniforme, resistente a la formaci\u00f3n de hongos, sin salpicado y de f\u00e1cil aplicaci\u00f3n, ideal para m\u00faltiples superficies.","breadcrumb":{"@id":"https:\/\/castellbaroniapinturas.com.ar\/index.php\/producto\/latex-interior-exterior-lavable\/#breadcrumb"},"inLanguage":"es","potentialAction":[{"@type":"ReadAction","target":["https:\/\/castellbaroniapinturas.com.ar\/index.php\/producto\/latex-interior-exterior-lavable\/"]}]},{"@type":"ImageObject","inLanguage":"es","@id":"https:\/\/castellbaroniapinturas.com.ar\/index.php\/producto\/latex-interior-exterior-lavable\/#primaryimage","url":"https:\/\/castellbaroniapinturas.com.ar\/wp-content\/uploads\/2026\/01\/019.jpg","contentUrl":"https:\/\/castellbaroniapinturas.com.ar\/wp-content\/uploads\/2026\/01\/019.jpg","width":700,"height":700},{"@type":"BreadcrumbList","@id":"https:\/\/castellbaroniapinturas.com.ar\/index.php\/producto\/latex-interior-exterior-lavable\/#breadcrumb","itemListElement":[{"@type":"ListItem","position":1,"name":"Portada","item":"https:\/\/castellbaroniapinturas.com.ar\/"},{"@type":"ListItem","position":2,"name":"Tienda","item":"https:\/\/castellbaroniapinturas.com.ar\/index.php\/tienda\/"},{"@type":"ListItem","position":3,"name":"L\u00e1tex Interior \/ Exterior \u2013 Lavable"}]},{"@type":"WebSite","@id":"https:\/\/castellbaroniapinturas.com.ar\/#website","url":"https:\/\/castellbaroniapinturas.com.ar\/","name":"Castell Baronia","description":"Castell Baronia Pinturas. Marca argentina con 60 a\u00f1os de experiencia en pinturas y revestimientos de calidad profesional para obras, pinturer\u00edas y proyectos.","publisher":{"@id":"https:\/\/castellbaroniapinturas.com.ar\/#organization"},"potentialAction":[{"@type":"SearchAction","target":{"@type":"EntryPoint","urlTemplate":"https:\/\/castellbaroniapinturas.com.ar\/?s={search_term_string}"},"query-input":{"@type":"PropertyValueSpecification","valueRequired":true,"valueName":"search_term_string"}}],"inLanguage":"es"},{"@type":"Organization","@id":"https:\/\/castellbaroniapinturas.com.ar\/#organization","name":"Castell Baronia","url":"https:\/\/castellbaroniapinturas.com.ar\/","logo":{"@type":"ImageObject","inLanguage":"es","@id":"https:\/\/castellbaroniapinturas.com.ar\/#\/schema\/logo\/image\/","url":"https:\/\/castellbaroniapinturas.com.ar\/wp-content\/uploads\/2026\/01\/CASTELL-BARONIA-LOGO-WEB.png","contentUrl":"https:\/\/castellbaroniapinturas.com.ar\/wp-content\/uploads\/2026\/01\/CASTELL-BARONIA-LOGO-WEB.png","width":768,"height":257,"caption":"Castell Baronia"},"image":{"@id":"https:\/\/castellbaroniapinturas.com.ar\/#\/schema\/logo\/image\/"}}]}},"_links":{"self":[{"href":"https:\/\/castellbaroniapinturas.com.ar\/index.php\/wp-json\/wp\/v2\/product\/1242","targetHints":{"allow":["GET"]}}],"collection":[{"href":"https:\/\/castellbaroniapinturas.com.ar\/index.php\/wp-json\/wp\/v2\/product"}],"about":[{"href":"https:\/\/castellbaroniapinturas.com.ar\/index.php\/wp-json\/wp\/v2\/types\/product"}],"replies":[{"embeddable":true,"href":"https:\/\/castellbaroniapinturas.com.ar\/index.php\/wp-json\/wp\/v2\/comments?post=1242"}],"wp:featuredmedia":[{"embeddable":true,"href":"https:\/\/castellbaroniapinturas.com.ar\/index.php\/wp-json\/wp\/v2\/media\/1243"}],"wp:attachment":[{"href":"https:\/\/castellbaroniapinturas.com.ar\/index.php\/wp-json\/wp\/v2\/media?parent=1242"}],"wp:term":[{"taxonomy":"product_brand","embeddable":true,"href":"https:\/\/castellbaroniapinturas.com.ar\/index.php\/wp-json\/wp\/v2\/product_brand?post=1242"},{"taxonomy":"product_cat","embeddable":true,"href":"https:\/\/castellbaroniapinturas.com.ar\/index.php\/wp-json\/wp\/v2\/product_cat?post=1242"},{"taxonomy":"product_tag","embeddable":true,"href":"https:\/\/castellbaroniapinturas.com.ar\/index.php\/wp-json\/wp\/v2\/product_tag?post=1242"}],"curies":[{"name":"wp","href":"https:\/\/api.w.org\/{rel}","templated":true}]}}