{"id":939,"date":"2026-01-25T16:07:57","date_gmt":"2026-01-25T16:07:57","guid":{"rendered":"https:\/\/castellbaroniapinturas.com.ar\/?post_type=product&#038;p=939"},"modified":"2026-01-25T16:07:57","modified_gmt":"2026-01-25T16:07:57","slug":"latex-interior-exterior","status":"publish","type":"product","link":"https:\/\/castellbaroniapinturas.com.ar\/index.php\/producto\/latex-interior-exterior\/","title":{"rendered":"L\u00e1tex Interior \/ Exterior"},"content":{"rendered":"<h2 data-start=\"472\" data-end=\"503\"><span style=\"color: #ff0000;\"><strong data-start=\"475\" data-end=\"503\">Descripci\u00f3n del producto<\/strong><\/span><\/h2>\n<p data-start=\"504\" data-end=\"716\">Yaguaret\u00e9 L\u00e1tex Interior \/ Exterior es un l\u00e1tex acr\u00edlico formulado para uso profesional, desarrollado con emulsiones y cargas especiales que le otorgan un acabado superior y una excelente capacidad de nivelaci\u00f3n.<\/p>\n<p data-start=\"718\" data-end=\"942\">Recomendado para proteger y decorar paredes interiores y exteriores, se destaca por su f\u00e1cil aplicaci\u00f3n, gran durabilidad y resistencia frente a distintas condiciones clim\u00e1ticas, logrando terminaciones prolijas y homog\u00e9neas.<\/p>\n<hr data-start=\"944\" data-end=\"947\" \/>\n<h2 data-start=\"949\" data-end=\"973\"><span style=\"color: #ff0000;\"><strong data-start=\"952\" data-end=\"973\">Usos recomendados<\/strong><\/span><\/h2>\n<ul data-start=\"974\" data-end=\"1082\">\n<li data-start=\"974\" data-end=\"996\">\n<p data-start=\"976\" data-end=\"996\">Paredes interiores<\/p>\n<\/li>\n<li data-start=\"997\" data-end=\"1019\">\n<p data-start=\"999\" data-end=\"1019\">Paredes exteriores<\/p>\n<\/li>\n<li data-start=\"1020\" data-end=\"1032\">\n<p data-start=\"1022\" data-end=\"1032\">Revoques<\/p>\n<\/li>\n<li data-start=\"1033\" data-end=\"1048\">\n<p data-start=\"1035\" data-end=\"1048\">Mamposter\u00eda<\/p>\n<\/li>\n<li data-start=\"1049\" data-end=\"1061\">\n<p data-start=\"1051\" data-end=\"1061\">Ladrillo<\/p>\n<\/li>\n<li data-start=\"1062\" data-end=\"1070\">\n<p data-start=\"1064\" data-end=\"1070\">Yeso<\/p>\n<\/li>\n<li data-start=\"1071\" data-end=\"1082\">\n<p data-start=\"1073\" data-end=\"1082\">Cemento<\/p>\n<\/li>\n<\/ul>\n<hr data-start=\"1084\" data-end=\"1087\" \/>\n<h2 data-start=\"1089\" data-end=\"1123\"><span style=\"color: #ff0000;\"><strong data-start=\"1092\" data-end=\"1123\">Caracter\u00edsticas principales<\/strong><\/span><\/h2>\n<ul data-start=\"1124\" data-end=\"1310\">\n<li data-start=\"1124\" data-end=\"1143\">\n<p data-start=\"1126\" data-end=\"1143\">Uso profesional<\/p>\n<\/li>\n<li data-start=\"1144\" data-end=\"1173\">\n<p data-start=\"1146\" data-end=\"1173\">Excelente poder cubritivo<\/p>\n<\/li>\n<li data-start=\"1174\" data-end=\"1198\">\n<p data-start=\"1176\" data-end=\"1198\">Muy buena nivelaci\u00f3n<\/p>\n<\/li>\n<li data-start=\"1199\" data-end=\"1219\">\n<p data-start=\"1201\" data-end=\"1219\">F\u00e1cil aplicaci\u00f3n<\/p>\n<\/li>\n<li data-start=\"1220\" data-end=\"1240\">\n<p data-start=\"1222\" data-end=\"1240\">Alta durabilidad<\/p>\n<\/li>\n<li data-start=\"1241\" data-end=\"1276\">\n<p data-start=\"1243\" data-end=\"1276\">Resistente a efectos clim\u00e1ticos<\/p>\n<\/li>\n<li data-start=\"1277\" data-end=\"1310\">\n<p data-start=\"1279\" data-end=\"1310\">Producto acr\u00edlico base acuosa<\/p>\n<\/li>\n<\/ul>\n<hr data-start=\"1312\" data-end=\"1315\" \/>\n<h2 data-start=\"1317\" data-end=\"1332\"><span style=\"color: #ff0000;\"><strong data-start=\"1320\" data-end=\"1332\">Diluci\u00f3n<\/strong><\/span><\/h2>\n<ul data-start=\"1333\" data-end=\"1501\">\n<li data-start=\"1333\" data-end=\"1357\">\n<p data-start=\"1335\" data-end=\"1357\">Producto base acuosa<\/p>\n<\/li>\n<li data-start=\"1358\" data-end=\"1424\">\n<p data-start=\"1360\" data-end=\"1424\">Diluir con agua hasta un <strong data-start=\"1385\" data-end=\"1403\">m\u00e1ximo del 10%<\/strong> del contenido neto<\/p>\n<\/li>\n<li data-start=\"1425\" data-end=\"1501\">\n<p data-start=\"1427\" data-end=\"1501\">Una diluci\u00f3n mayor puede afectar el desempe\u00f1o y durabilidad del producto<\/p>\n<\/li>\n<\/ul>\n<hr data-start=\"1503\" data-end=\"1506\" \/>\n<h2 data-start=\"1508\" data-end=\"1532\"><span style=\"color: #ff0000;\"><strong data-start=\"1511\" data-end=\"1532\">Tiempos de secado<\/strong><\/span><\/h2>\n<ul data-start=\"1533\" data-end=\"1600\">\n<li data-start=\"1533\" data-end=\"1568\">\n<p data-start=\"1535\" data-end=\"1568\">Secado al tacto: <strong data-start=\"1552\" data-end=\"1566\">30 minutos<\/strong><\/p>\n<\/li>\n<li data-start=\"1569\" data-end=\"1600\">\n<p data-start=\"1571\" data-end=\"1600\">Repintado m\u00ednimo: <strong data-start=\"1589\" data-end=\"1600\">4 horas<\/strong><\/p>\n<\/li>\n<\/ul>\n<hr data-start=\"1602\" data-end=\"1605\" \/>\n<h2 data-start=\"1607\" data-end=\"1632\"><span style=\"color: #ff0000;\"><strong data-start=\"1610\" data-end=\"1632\">Modo de aplicaci\u00f3n<\/strong><\/span><\/h2>\n<ol data-start=\"1633\" data-end=\"1870\">\n<li data-start=\"1633\" data-end=\"1732\">\n<p data-start=\"1636\" data-end=\"1732\">Verificar que la superficie est\u00e9 limpia, seca y libre de polvo, grasitud o part\u00edculas sueltas.<\/p>\n<\/li>\n<li data-start=\"1733\" data-end=\"1777\">\n<p data-start=\"1736\" data-end=\"1777\">Homogeneizar el producto antes de usar.<\/p>\n<\/li>\n<li data-start=\"1778\" data-end=\"1821\">\n<p data-start=\"1781\" data-end=\"1821\">Aplicar con rodillo, pincel o soplete.<\/p>\n<\/li>\n<li data-start=\"1822\" data-end=\"1870\">\n<p data-start=\"1825\" data-end=\"1870\">Respetar los tiempos de secado entre manos.<\/p>\n<\/li>\n<\/ol>\n<hr data-start=\"1872\" data-end=\"1875\" \/>\n<h2 data-start=\"1877\" data-end=\"1896\"><span style=\"color: #ff0000;\"><strong data-start=\"1880\" data-end=\"1896\">Presentaci\u00f3n<\/strong><\/span><\/h2>\n<ul data-start=\"1897\" data-end=\"1931\">\n<li data-start=\"1897\" data-end=\"1931\">\n<p data-start=\"1899\" data-end=\"1931\">Envases de <strong data-start=\"1910\" data-end=\"1931\">4, 10 y 20 litros<\/strong><\/p>\n<\/li>\n<\/ul>\n","protected":false},"excerpt":{"rendered":"<p>L\u00e1tex acr\u00edlico interior y exterior de uso profesional, con excelente poder cubritivo, gran nivelaci\u00f3n y alta resistencia, ideal para trabajos durables en m\u00faltiples superficies.<\/p>\n","protected":false},"featured_media":940,"comment_status":"open","ping_status":"closed","template":"","meta":{"site-sidebar-layout":"default","site-content-layout":"","ast-site-content-layout":"default","site-content-style":"default","site-sidebar-style":"default","ast-global-header-display":"","ast-banner-title-visibility":"","ast-main-header-display":"","ast-hfb-above-header-display":"","ast-hfb-below-header-display":"","ast-hfb-mobile-header-display":"","site-post-title":"","ast-breadcrumbs-content":"","ast-featured-img":"","footer-sml-layout":"","ast-disable-related-posts":"","theme-transparent-header-meta":"default","adv-header-id-meta":"","stick-header-meta":"","header-above-stick-meta":"","header-main-stick-meta":"","header-below-stick-meta":"","astra-migrate-meta-layouts":"set","ast-page-background-enabled":"default","ast-page-background-meta":{"desktop":{"background-color":"var(--ast-global-color-4)","background-image":"","background-repeat":"repeat","background-position":"center center","background-size":"auto","background-attachment":"scroll","background-type":"","background-media":"","overlay-type":"","overlay-color":"","overlay-opacity":"","overlay-gradient":""},"tablet":{"background-color":"","background-image":"","background-repeat":"repeat","background-position":"center center","background-size":"auto","background-attachment":"scroll","background-type":"","background-media":"","overlay-type":"","overlay-color":"","overlay-opacity":"","overlay-gradient":""},"mobile":{"background-color":"","background-image":"","background-repeat":"repeat","background-position":"center center","background-size":"auto","background-attachment":"scroll","background-type":"","background-media":"","overlay-type":"","overlay-color":"","overlay-opacity":"","overlay-gradient":""}},"ast-content-background-meta":{"desktop":{"background-color":"var(--ast-global-color-5)","background-image":"","background-repeat":"repeat","background-position":"center center","background-size":"auto","background-attachment":"scroll","background-type":"","background-media":"","overlay-type":"","overlay-color":"","overlay-opacity":"","overlay-gradient":""},"tablet":{"background-color":"var(--ast-global-color-5)","background-image":"","background-repeat":"repeat","background-position":"center center","background-size":"auto","background-attachment":"scroll","background-type":"","background-media":"","overlay-type":"","overlay-color":"","overlay-opacity":"","overlay-gradient":""},"mobile":{"background-color":"var(--ast-global-color-5)","background-image":"","background-repeat":"repeat","background-position":"center center","background-size":"auto","background-attachment":"scroll","background-type":"","background-media":"","overlay-type":"","overlay-color":"","overlay-opacity":"","overlay-gradient":""}},"_joinchat":[]},"product_brand":[33],"product_cat":[22],"product_tag":[],"class_list":{"0":"post-939","1":"product","2":"type-product","3":"status-publish","4":"has-post-thumbnail","6":"product_brand-yaguarete","7":"product_cat-pinturas-latex","8":"desktop-align-left","9":"tablet-align-left","10":"mobile-align-left","12":"first","13":"instock","14":"shipping-taxable","15":"product-type-simple"},"yoast_head":"<!-- This site is optimized with the Yoast SEO plugin v26.8 - https:\/\/yoast.com\/product\/yoast-seo-wordpress\/ -->\n<title>L\u00e1tex Interior \/ Exterior - Castell Baronia<\/title>\n<meta name=\"description\" content=\"L\u00e1tex acr\u00edlico interior y exterior de uso profesional, con excelente poder cubritivo, gran nivelaci\u00f3n y alta resistencia, ideal para trabajos durables en m\u00faltiples superficies.\" \/>\n<meta name=\"robots\" content=\"index, follow, max-snippet:-1, max-image-preview:large, max-video-preview:-1\" \/>\n<link rel=\"canonical\" href=\"https:\/\/castellbaroniapinturas.com.ar\/index.php\/producto\/latex-interior-exterior\/\" \/>\n<meta property=\"og:locale\" content=\"es_ES\" \/>\n<meta property=\"og:type\" content=\"article\" \/>\n<meta property=\"og:title\" content=\"L\u00e1tex Interior \/ Exterior - Castell Baronia\" \/>\n<meta property=\"og:description\" content=\"L\u00e1tex acr\u00edlico interior y exterior de uso profesional, con excelente poder cubritivo, gran nivelaci\u00f3n y alta resistencia, ideal para trabajos durables en m\u00faltiples superficies.\" \/>\n<meta property=\"og:url\" content=\"https:\/\/castellbaroniapinturas.com.ar\/index.php\/producto\/latex-interior-exterior\/\" \/>\n<meta property=\"og:site_name\" content=\"Castell Baronia\" \/>\n<meta property=\"og:image\" content=\"http:\/\/castellbaroniapinturas.com.ar\/wp-content\/uploads\/2026\/01\/0011.jpg\" \/>\n\t<meta property=\"og:image:width\" content=\"700\" \/>\n\t<meta property=\"og:image:height\" content=\"700\" \/>\n\t<meta property=\"og:image:type\" content=\"image\/jpeg\" \/>\n<meta name=\"twitter:card\" content=\"summary_large_image\" \/>\n<meta name=\"twitter:label1\" content=\"Tiempo de lectura\" \/>\n\t<meta name=\"twitter:data1\" content=\"2 minutos\" \/>\n<script type=\"application\/ld+json\" class=\"yoast-schema-graph\">{\"@context\":\"https:\/\/schema.org\",\"@graph\":[{\"@type\":\"WebPage\",\"@id\":\"https:\/\/castellbaroniapinturas.com.ar\/index.php\/producto\/latex-interior-exterior\/\",\"url\":\"https:\/\/castellbaroniapinturas.com.ar\/index.php\/producto\/latex-interior-exterior\/\",\"name\":\"L\u00e1tex Interior \/ Exterior - Castell Baronia\",\"isPartOf\":{\"@id\":\"https:\/\/castellbaroniapinturas.com.ar\/#website\"},\"primaryImageOfPage\":{\"@id\":\"https:\/\/castellbaroniapinturas.com.ar\/index.php\/producto\/latex-interior-exterior\/#primaryimage\"},\"image\":{\"@id\":\"https:\/\/castellbaroniapinturas.com.ar\/index.php\/producto\/latex-interior-exterior\/#primaryimage\"},\"thumbnailUrl\":\"https:\/\/castellbaroniapinturas.com.ar\/wp-content\/uploads\/2026\/01\/0011.jpg\",\"datePublished\":\"2026-01-25T16:07:57+00:00\",\"description\":\"L\u00e1tex acr\u00edlico interior y exterior de uso profesional, con excelente poder cubritivo, gran nivelaci\u00f3n y alta resistencia, ideal para trabajos durables en m\u00faltiples superficies.\",\"breadcrumb\":{\"@id\":\"https:\/\/castellbaroniapinturas.com.ar\/index.php\/producto\/latex-interior-exterior\/#breadcrumb\"},\"inLanguage\":\"es\",\"potentialAction\":[{\"@type\":\"ReadAction\",\"target\":[\"https:\/\/castellbaroniapinturas.com.ar\/index.php\/producto\/latex-interior-exterior\/\"]}]},{\"@type\":\"ImageObject\",\"inLanguage\":\"es\",\"@id\":\"https:\/\/castellbaroniapinturas.com.ar\/index.php\/producto\/latex-interior-exterior\/#primaryimage\",\"url\":\"https:\/\/castellbaroniapinturas.com.ar\/wp-content\/uploads\/2026\/01\/0011.jpg\",\"contentUrl\":\"https:\/\/castellbaroniapinturas.com.ar\/wp-content\/uploads\/2026\/01\/0011.jpg\",\"width\":700,\"height\":700},{\"@type\":\"BreadcrumbList\",\"@id\":\"https:\/\/castellbaroniapinturas.com.ar\/index.php\/producto\/latex-interior-exterior\/#breadcrumb\",\"itemListElement\":[{\"@type\":\"ListItem\",\"position\":1,\"name\":\"Portada\",\"item\":\"https:\/\/castellbaroniapinturas.com.ar\/\"},{\"@type\":\"ListItem\",\"position\":2,\"name\":\"Tienda\",\"item\":\"https:\/\/castellbaroniapinturas.com.ar\/index.php\/tienda\/\"},{\"@type\":\"ListItem\",\"position\":3,\"name\":\"L\u00e1tex Interior \/ Exterior\"}]},{\"@type\":\"WebSite\",\"@id\":\"https:\/\/castellbaroniapinturas.com.ar\/#website\",\"url\":\"https:\/\/castellbaroniapinturas.com.ar\/\",\"name\":\"Castell Baronia\",\"description\":\"Castell Baronia Pinturas. Marca argentina con 60 a\u00f1os de experiencia en pinturas y revestimientos de calidad profesional para obras, pinturer\u00edas y proyectos.\",\"publisher\":{\"@id\":\"https:\/\/castellbaroniapinturas.com.ar\/#organization\"},\"potentialAction\":[{\"@type\":\"SearchAction\",\"target\":{\"@type\":\"EntryPoint\",\"urlTemplate\":\"https:\/\/castellbaroniapinturas.com.ar\/?s={search_term_string}\"},\"query-input\":{\"@type\":\"PropertyValueSpecification\",\"valueRequired\":true,\"valueName\":\"search_term_string\"}}],\"inLanguage\":\"es\"},{\"@type\":\"Organization\",\"@id\":\"https:\/\/castellbaroniapinturas.com.ar\/#organization\",\"name\":\"Castell Baronia\",\"url\":\"https:\/\/castellbaroniapinturas.com.ar\/\",\"logo\":{\"@type\":\"ImageObject\",\"inLanguage\":\"es\",\"@id\":\"https:\/\/castellbaroniapinturas.com.ar\/#\/schema\/logo\/image\/\",\"url\":\"https:\/\/castellbaroniapinturas.com.ar\/wp-content\/uploads\/2026\/01\/CASTELL-BARONIA-LOGO-WEB.png\",\"contentUrl\":\"https:\/\/castellbaroniapinturas.com.ar\/wp-content\/uploads\/2026\/01\/CASTELL-BARONIA-LOGO-WEB.png\",\"width\":768,\"height\":257,\"caption\":\"Castell Baronia\"},\"image\":{\"@id\":\"https:\/\/castellbaroniapinturas.com.ar\/#\/schema\/logo\/image\/\"}}]}<\/script>\n<!-- \/ Yoast SEO plugin. -->","yoast_head_json":{"title":"L\u00e1tex Interior \/ Exterior - Castell Baronia","description":"L\u00e1tex acr\u00edlico interior y exterior de uso profesional, con excelente poder cubritivo, gran nivelaci\u00f3n y alta resistencia, ideal para trabajos durables en m\u00faltiples superficies.","robots":{"index":"index","follow":"follow","max-snippet":"max-snippet:-1","max-image-preview":"max-image-preview:large","max-video-preview":"max-video-preview:-1"},"canonical":"https:\/\/castellbaroniapinturas.com.ar\/index.php\/producto\/latex-interior-exterior\/","og_locale":"es_ES","og_type":"article","og_title":"L\u00e1tex Interior \/ Exterior - Castell Baronia","og_description":"L\u00e1tex acr\u00edlico interior y exterior de uso profesional, con excelente poder cubritivo, gran nivelaci\u00f3n y alta resistencia, ideal para trabajos durables en m\u00faltiples superficies.","og_url":"https:\/\/castellbaroniapinturas.com.ar\/index.php\/producto\/latex-interior-exterior\/","og_site_name":"Castell Baronia","og_image":[{"width":700,"height":700,"url":"http:\/\/castellbaroniapinturas.com.ar\/wp-content\/uploads\/2026\/01\/0011.jpg","type":"image\/jpeg"}],"twitter_card":"summary_large_image","twitter_misc":{"Tiempo de lectura":"2 minutos"},"schema":{"@context":"https:\/\/schema.org","@graph":[{"@type":"WebPage","@id":"https:\/\/castellbaroniapinturas.com.ar\/index.php\/producto\/latex-interior-exterior\/","url":"https:\/\/castellbaroniapinturas.com.ar\/index.php\/producto\/latex-interior-exterior\/","name":"L\u00e1tex Interior \/ Exterior - Castell Baronia","isPartOf":{"@id":"https:\/\/castellbaroniapinturas.com.ar\/#website"},"primaryImageOfPage":{"@id":"https:\/\/castellbaroniapinturas.com.ar\/index.php\/producto\/latex-interior-exterior\/#primaryimage"},"image":{"@id":"https:\/\/castellbaroniapinturas.com.ar\/index.php\/producto\/latex-interior-exterior\/#primaryimage"},"thumbnailUrl":"https:\/\/castellbaroniapinturas.com.ar\/wp-content\/uploads\/2026\/01\/0011.jpg","datePublished":"2026-01-25T16:07:57+00:00","description":"L\u00e1tex acr\u00edlico interior y exterior de uso profesional, con excelente poder cubritivo, gran nivelaci\u00f3n y alta resistencia, ideal para trabajos durables en m\u00faltiples superficies.","breadcrumb":{"@id":"https:\/\/castellbaroniapinturas.com.ar\/index.php\/producto\/latex-interior-exterior\/#breadcrumb"},"inLanguage":"es","potentialAction":[{"@type":"ReadAction","target":["https:\/\/castellbaroniapinturas.com.ar\/index.php\/producto\/latex-interior-exterior\/"]}]},{"@type":"ImageObject","inLanguage":"es","@id":"https:\/\/castellbaroniapinturas.com.ar\/index.php\/producto\/latex-interior-exterior\/#primaryimage","url":"https:\/\/castellbaroniapinturas.com.ar\/wp-content\/uploads\/2026\/01\/0011.jpg","contentUrl":"https:\/\/castellbaroniapinturas.com.ar\/wp-content\/uploads\/2026\/01\/0011.jpg","width":700,"height":700},{"@type":"BreadcrumbList","@id":"https:\/\/castellbaroniapinturas.com.ar\/index.php\/producto\/latex-interior-exterior\/#breadcrumb","itemListElement":[{"@type":"ListItem","position":1,"name":"Portada","item":"https:\/\/castellbaroniapinturas.com.ar\/"},{"@type":"ListItem","position":2,"name":"Tienda","item":"https:\/\/castellbaroniapinturas.com.ar\/index.php\/tienda\/"},{"@type":"ListItem","position":3,"name":"L\u00e1tex Interior \/ Exterior"}]},{"@type":"WebSite","@id":"https:\/\/castellbaroniapinturas.com.ar\/#website","url":"https:\/\/castellbaroniapinturas.com.ar\/","name":"Castell Baronia","description":"Castell Baronia Pinturas. Marca argentina con 60 a\u00f1os de experiencia en pinturas y revestimientos de calidad profesional para obras, pinturer\u00edas y proyectos.","publisher":{"@id":"https:\/\/castellbaroniapinturas.com.ar\/#organization"},"potentialAction":[{"@type":"SearchAction","target":{"@type":"EntryPoint","urlTemplate":"https:\/\/castellbaroniapinturas.com.ar\/?s={search_term_string}"},"query-input":{"@type":"PropertyValueSpecification","valueRequired":true,"valueName":"search_term_string"}}],"inLanguage":"es"},{"@type":"Organization","@id":"https:\/\/castellbaroniapinturas.com.ar\/#organization","name":"Castell Baronia","url":"https:\/\/castellbaroniapinturas.com.ar\/","logo":{"@type":"ImageObject","inLanguage":"es","@id":"https:\/\/castellbaroniapinturas.com.ar\/#\/schema\/logo\/image\/","url":"https:\/\/castellbaroniapinturas.com.ar\/wp-content\/uploads\/2026\/01\/CASTELL-BARONIA-LOGO-WEB.png","contentUrl":"https:\/\/castellbaroniapinturas.com.ar\/wp-content\/uploads\/2026\/01\/CASTELL-BARONIA-LOGO-WEB.png","width":768,"height":257,"caption":"Castell Baronia"},"image":{"@id":"https:\/\/castellbaroniapinturas.com.ar\/#\/schema\/logo\/image\/"}}]}},"_links":{"self":[{"href":"https:\/\/castellbaroniapinturas.com.ar\/index.php\/wp-json\/wp\/v2\/product\/939","targetHints":{"allow":["GET"]}}],"collection":[{"href":"https:\/\/castellbaroniapinturas.com.ar\/index.php\/wp-json\/wp\/v2\/product"}],"about":[{"href":"https:\/\/castellbaroniapinturas.com.ar\/index.php\/wp-json\/wp\/v2\/types\/product"}],"replies":[{"embeddable":true,"href":"https:\/\/castellbaroniapinturas.com.ar\/index.php\/wp-json\/wp\/v2\/comments?post=939"}],"wp:featuredmedia":[{"embeddable":true,"href":"https:\/\/castellbaroniapinturas.com.ar\/index.php\/wp-json\/wp\/v2\/media\/940"}],"wp:attachment":[{"href":"https:\/\/castellbaroniapinturas.com.ar\/index.php\/wp-json\/wp\/v2\/media?parent=939"}],"wp:term":[{"taxonomy":"product_brand","embeddable":true,"href":"https:\/\/castellbaroniapinturas.com.ar\/index.php\/wp-json\/wp\/v2\/product_brand?post=939"},{"taxonomy":"product_cat","embeddable":true,"href":"https:\/\/castellbaroniapinturas.com.ar\/index.php\/wp-json\/wp\/v2\/product_cat?post=939"},{"taxonomy":"product_tag","embeddable":true,"href":"https:\/\/castellbaroniapinturas.com.ar\/index.php\/wp-json\/wp\/v2\/product_tag?post=939"}],"curies":[{"name":"wp","href":"https:\/\/api.w.org\/{rel}","templated":true}]}}